 b(a) = -1660*a + 222337. Determine b(134).
-103
Let m(y) = -2*y**2 + 1094*y + 11129. Determine m(-10).
-11
Let w(g) = 35723*g - 107167. Calculate w(3).
2
Let d(a) = -a**3 - 31*a**2 - 274*a - 18357. Calculate d(-37).
-5
Let r(o) = -o**2 - 152*o - 759. Calculate r(-14).
1173
Let c(q) = 8*q**3 - 112*q**2 + 3581*q - 49980. Give c(14).
154
Let g(k) = k**2 - 2293*k + 29774. What is g(13)?
134
Let o(p) = -64167*p - 1154983. What is o(-18)?
23
Let b(h) = -5*h**3 - 32*h**2 + 37*h + 111. What is b(-7)?
-1
Let c(w) = 14583*w + 1327058. What is c(-91)?
5
Let r(s) = -1309*s + 596836. What is r(456)?
-68
Let v(n) = 1371*n - 4342. Calculate v(3).
-229
Let b(g) = -2*g**2 + 110*g - 1533. Calculate b(13).
-441
Let h(o) = -o**3 - 6*o**2 - 653*o - 1961. Give h(-3).
-29
Let v(z) = 96*z**2 + 68*z - 176. Give v(-2).
72
Let a(c) = -20057*c + 380943. Calculate a(19).
-140
Let r(a) = 2*a**3 + 32*a**2 - 44*a - 403. Give r(-17).
-233
Let c(o) = 28497*o + 6041370. What is c(-212)?
6
Let h(o) = 115*o - 3197. What is h(28)?
23
Let c(j) = 7436*j - 825340. Give c(111).
56
Let y(r) = -5867*r + 99840. Calculate y(17).
101
Let k(q) = 617*q - 219272. Calculate k(355).
-237
Let j(h) = 3*h**3 + 19*h**2 - 66*h - 492. Calculate j(-6).
-60
Let v(o) = 3*o**3 + 304*o**2 + 108*o + 87. Give v(-101).
-620
Let h(o) = -3*o**3 + 101*o**2 + 459*o + 175. Give h(38).
-1155
Let m(d) = d**3 - 120*d**2 + 1116*d + 124. Determine m(110).
1884
Let l(r) = 4*r**2 - 1282*r - 45119. Calculate l(-32).
1
Let k(l) = -5*l**3 + 131*l**2 - 933*l + 1862. What is k(16)?
-10
Let k(d) = -5*d**2 - 54693*d - 764791. Give k(-14).
-69
Let r(d) = -d**3 - 103*d**2 + 841*d + 7810. Give r(-110).
0
Let o(u) = -18*u**2 - 3191*u - 28050. Give o(-168).
6
Let y(w) = 3791*w + 235047. Give y(-62).
5
Let m(d) = -50*d**2 - 6349*d + 13037. Determine m(-129).
8
Let t(l) = 8*l**2 - 806*l + 5067. Calculate t(94).
-9
Let g(j) = 285*j**3 - 1991*j**2 - 302*j + 1910. Determine g(7).
-8
Let l(g) = g**3 + 17*g**2 + 21*g + 25. What is l(-17)?
-332
Let u(c) = -51*c**2 - 263*c - 38. What is u(-5)?
2
Let q(y) = -38052*y - 12024424. Give q(-316).
8
Let t(c) = -4*c**3 - 2*c**2 + 20*c - 13. Give t(-6).
659
Let k(y) = y**3 + 279*y**2 + 3730*y - 21. Calculate k(-14).
-301
Let o(k) = -2*k**3 + 44*k**2 - 329*k - 62. Determine o(14).
-1532
Let t(o) = 103*o - 217. What is t(3)?
92
Let m(j) = 5950*j + 65663. Determine m(-11).
213
Let y(v) = -5632*v + 110464. Give y(20).
-2176
Let o(b) = -9*b**2 - 99*b - 172. Calculate o(-27).
-4060
Let c(m) = 157*m + 294. What is c(-2)?
-20
Let s(u) = -u**3 - 12*u**2 - 61*u - 172. Give s(-10).
238
Let p(x) = -4426*x - 2412164. Give p(-545).
6
Let d(j) = -3230*j - 25925. Determine d(-8).
-85
Let z(r) = 495*r**2 + 531*r + 530. Give z(-1).
494
Let i(v) = 2*v**3 + 345*v**2 + 541*v + 63487. Determine i(-172).
19
Let v(m) = 33*m**3 + 116*m**2 - 18*m - 5. Calculate v(0).
-5
Let d(r) = -4*r**3 + 41*r**2 - 6*r - 564. What is d(9)?
-213
Let r(x) = -4042649*x + 84895630. Calculate r(21).
1
Let b(n) = n**3 - 241*n**2 + 238*n + 533. Calculate b(240).
53
Let m(v) = 2*v**2 - 114*v - 522. Determine m(-4).
-34
Let d(v) = -93*v - 7374. Calculate d(-45).
-3189
Let b(k) = 6*k**2 - 1514*k + 113. Determine b(250).
-3387
Let b(p) = 118*p**2 + 822*p + 821. Determine b(-1).
117
Let j(a) = 23*a**2 + 445*a - 2167. Calculate j(4).
-19
Let z(c) = c**3 + 80*c**2 - 29*c + 236. What is z(-80)?
2556
Let c(v) = -16689*v + 667457. Give c(40).
-103
Let s(o) = -11*o**3 - 364*o**2 + 360*o + 3. What is s(1)?
-12
Let l(y) = -4*y**2 + 1303*y + 44231. Give l(-31).
-6
Let z(g) = 25480*g + 3465278. What is z(-136)?
-2
Let m(k) = k**2 + 55*k - 7752. Give m(64).
-136
Let x(d) = -5*d**2 + 6145*d + 30771. Calculate x(-5).
-79
Let t(z) = z**2 + 75780*z - 1970954. Determine t(26).
2
Let j(t) = 2037*t + 1010354. Determine j(-496).
2
Let u(n) = 356*n**2 + 9242*n + 8556. Determine u(-25).
6
Let f(c) = -291*c + 2127. Give f(6).
381
Let t(a) = -7421*a - 192900. What is t(-26)?
46
Let x(o) = 116703*o + 2567372. Determine x(-22).
-94
Let c(q) = -q**3 - 290*q**2 + 1764*q - 3551. Calculate c(-296).
1
Let z(i) = -3374*i - 27009. Calculate z(-8).
-17
Let f(g) = -7*g**3 - 15*g**2 - 82*g - 468. Give f(-5).
442
Let s(q) = q**2 - 473*q - 137490. What is s(-203)?
-262
Let n(a) = 8966*a + 71590. Calculate n(-8).
-138
Let c(p) = 8139*p + 122053. Calculate c(-15).
-32
Let j(q) = -85*q**2 + 901*q - 1754. What is j(8)?
14
Let l(t) = t**3 + 38*t**2 - 199*t - 11682. Determine l(-21).
-6
Let a(n) = -11725*n - 14679713. Give a(-1252).
-13
Let n(k) = -21254*k + 1211474. Give n(57).
-4
Let j(d) = 2*d**3 + 64*d**2 - 1280*d - 98. What is j(14)?
14
Let t(i) = 127*i + 22813. Determine t(-137).
5414
Let h(i) = -65*i**2 - 23*i + 322. Calculate h(4).
-810
Let j(y) = y**3 - 251*y**2 + 1746*y - 9280. What is j(244)?
-8
Let x(h) = -3*h**2 - 451*h + 4529. Calculate x(10).
-281
Let q(y) = -17712*y - 124041. What is q(-7)?
-57
Let i(g) = 7*g**3 - 40*g**2 + 63*g - 186. Give i(8).
1342
Let k(b) = -2*b**3 - 31*b**2 + 947*b + 14921. Calculate k(-16).
25
Let r(s) = -724*s + 4. Calculate r(0).
4
Let o(v) = 17*v**3 - 341*v**2 + 20*v - 47. What is o(20)?
-47
Let h(n) = -5*n**2 - 554*n - 11144. What is h(-21)?
-1715
Let p(k) = 30*k**3 + 102*k**2 - 59*k - 25. Calculate p(-4).
-77
Let k(c) = -623*c + 23114. Calculate k(37).
63
Let l(p) = 13*p**2 + 254*p - 71. What is l(-20)?
49
Let l(z) = 2305*z - 283529. What is l(123)?
-14
Let v(u) = u**3 - 15*u**2 + 246*u - 2841. What is v(13)?
19
Let j(m) = 3*m**2 - 296215*m - 1184863. Determine j(-4).
45
Let m(f) = 1659*f + 26817. Calculate m(-16).
273
Let m(f) = 64*f + 60936. Calculate m(-952).
8
Let g(d) = 5*d**3 - 3*d**2 - 18*d - 379. Calculate g(5).
81
Let i(m) = 2365*m - 1388272. Calculate i(587).
-17
Let u(c) = 12*c - 2202. Calculate u(81).
-1230
Let t(m) = m**2 + 28565*m - 485886. What is t(17)?
8
Let z(k) = 21*k**2 - 1671*k - 2425. Determine z(81).
5
Let t(a) = 2*a**2 + 145*a + 2287. What is t(-42)?
-275
Let p(b) = 276*b**3 - 3037*b**2 + 15*b - 45. What is p(11)?
-1
Let r(g) = 3801*g + 75935. What is r(-20)?
-85
Let w(q) = -53*q - 851. Calculate w(-51).
1852
Let d(b) = b**3 - 621*b**2 - 3043*b + 339415. Determine d(625).
40
Let c(j) = -93*j**2 - 181*j + 16. Give c(-5).
-1404
Let w(p) = -p**2 - 165*p - 6796. What is w(-82)?
10
Let h(d) = -d**3 - 117*d**2 - 285*d + 6492. Give h(-114).
-6
Let c(k) = 7*k**2 + 235*k - 13354. What is c(30)?
-4
Let u(c) = -4*c**3 + 19*c**2 + 67*c - 330. Calculate u(6).
-108
Let y(z) = 178*z + 1322. Determine y(-8).
-102
Let p(q) = -q**3 + 48*q**2 - 24*q - 94. Calculate p(47).
987
Let h(f) = 1670*f - 19803. Calculate h(12).
237
Let x(f) = -f**3 + 24*f**2 + 1848*f - 11804. Give x(6).
-68
Let w(y) = 184257*y + 4606412. Calculate w(-25).
-13
Let w(g) = -985*g - 2302. Calculate w(-3).
653
Let y(f) = 5725*f - 2289999. Give y(400).
1
Let m(g) = -4*g**2 + 156*g - 413. Give m(34).
267
Let h(s) = 201*s - 4595. Calculate h(21).
-374
Let l(x) = -x**2 + 7866*x + 411734. Determine l(-52).
-2
Let x(d) = -11952*d + 107563. Give x(9).
-5
Let u(x) = 3*x**3 - 26*x**2 - 386*x + 2707. Calculate u(13).
-114
Let o(h) = -177666*h + 63. Determine o(0).
63
Let d(y) = y**2 - 2239*y - 366482. Determine d(-153).
-506
Let m(n) = 67*n**2 - 1997*n - 102. What is m(29)?
-1668
Let n(h) = 9815*h - 68711. Give n(7).
-6
Let y(u) = 10*u**3 - 1614*u**2 + 620*u + 3843. What is y(161)?
-21
Let b(d) = -109*d - 4879. Give b(-46).
135
Let u(f) = 6*f**3 + 72*f**2 + 62*f + 10. Determine u(-11).
54
Let i(j) = j**2 - 2022*j + 57761. Calculate i(29).
-36
Let r(i) = -52765*i + 263817. Determine r(5).
-8
Let m(p) = 3*p**2 + 5400*p + 64748. Determine m(-12).
380
Let s(f) = 2*f**3 + 152*f**2 + 162*f + 24418. What is s(-77)?
86
Let z(x) = 14575*x + 29608. Determine z(-2).
458
Let j(x) = -x**2 + 2779*x - 8323. What is j(3)?
5
Let f(q) = 2*q**2 - 57*q - 229. What is f(36)?
311
Let g(f) = 5048*f - 87209. Calculate g(17).
-1393
Let z(v) = 73*v**2 - 63*v - 1. Determine z(2).
165
Let a(q) = 59*q**2 + 116*q - 619. Determine a(5).
1436
Let f(w) = 17*w**2 + 3989*w + 2734. Determine f(-234).
160
Let m(t) = -263*t + 863. Give m(2).
337
Let h(l) = -1146*l + 143194. Calculate h(125).
-56
Let w(t) = 16760*t**2 - 251401*t + 2. What is w(15)?
-13
Let m(a) = -a**3 + 17*a**2 + 491*a - 8616. Give m(19).
-9
Let u(i